 (4 - 1)?
-2
Calculate -4 + 1 + (4 - 2 - -3).
2
What is -3 + ((-2 - 4) + -2 - -8)?
-3
Calculate -2 - -1 - -5 - (1 - -1).
2
Calculate -1 - -1 - (-5 + 3 + 8).
-6
What is the value of (2 - 15) + 7 + 10 + 2?
6
What is 0 - (11 + -5 - 0)?
-6
9 - (-1 + 6 + -4 + 4)
4
Evaluate 1 - (0 + 3) - -2.
0
Calculate -3 - (5 - (5 + 3)).
0
Evaluate 0 + (-1 - 0) - -6 - 10.
-5
Evaluate -11 + (10 - 7) - -7.
-1
Evaluate 5 + 3 - (6 - 2).
4
Calculate (0 - 1) + 0 + 5 + 0.
4
(3 - 1) + (1 - -1) + -6
-2
What is the value of 3 + (-2 - (0 + 1))?
0
What is (-1 - (1 + 0)) + -42 + 47?
3
What is (-3 - -11) + -11 - (0 - 5)?
2
What is the value of 2 - 3 - 2 - (4 - 5)?
-2
Evaluate (-5 - -18) + -15 + 7.
5
Evaluate -6 - ((-1 - 5) + -31 + 33).
-2
1 + 3 + (-3 + 2 - 0)
3
Calculate 11 - (14 + -8 + 5).
0
Calculate (1 - -2) + -4 + (2 - -1).
2
Evaluate -3 - (0 - 7) - 3.
1
What is 0 + 3 - (20 - 27 - -8)?
2
Calculate (5 - -1 - 9) + 6.
3
Evaluate 2 + -2 - 1 - (-32 + 37).
-6
What is the value of 4 - (2 + 6 - 0)?
-4
Calculate 2 + -2 - (-12 + 17).
-5
Calculate 0 + (3 - -1) - (-2 + 1).
5
Evaluate -6 + (0 + (-4 - -12) - 7).
-5
Evaluate -7 - (-13 - (-7 + -1) - 1).
-1
What is the value of -5 - (-1 - 2 - 3)?
1
Calculate -8 + 4 - (3 + -1 + 0).
-6
What is the value of -8 - (-8 + (-2 - 5))?
7
What is the value of 10 - (-10 + 6 - -8)?
6
What is the value of -9 - ((17 - 3) + -14)?
-9
What is -5 + 5 + 0 - 8?
-8
What is the value of (6 - 0) + (65 - 68)?
3
6 + 0 - (-2 - -8)
0
Calculate -10 - (12 - (7 + 19)).
4
Calculate (24 - 27) + (-1 - -8) - 1.
3
-3 - 0 - (2 - (3 - -1))
-1
-1 - (0 + (2 - -1) + -2)
-2
Calculate (3 - (-7 - (-5 + -1))) + 4.
8
Evaluate (-107 - -99) + -1 + 7.
-2
What is the value of 8 + 7 + -21 + 4?
-2
Evaluate 17 + -20 + 3 + 0.
0
What is the value of -8 + 2 - -1 - (-9 - -7)?
-3
(0 + -7 + 4 - -2) + 1
0
Evaluate 6 - (-7 - (-9 + 1)).
5
Evaluate -2 - (1 - 5 - (1 - -1)).
4
Calculate 0 + (-8 - -4) - -1.
-3
Evaluate (-12 - -7 - 5) + 7.
-3
What is 2 - 1 - (17 + -18)?
2
Evaluate (-4 - 1) + (0 - (-1 - 0)).
-4
Calculate -2 + (-3 - -1 - (-1 - 5)).
2
What is 7 + -11 - (-1 - 4)?
1
What is (0 + -11 - -7) + -1?
-5
What is 5 - (-3 + (2 - -4) - 3)?
5
-3 - (-11 - -6 - -7)
-5
Calculate 0 + (1 - (-1 + -2 + 1)).
3
What is 5 - ((5 - 0) + 17 + -26)?
9
(-9 - (-4 - -2)) + 4
-3
Calculate 4 + -6 + -2 + 6.
2
What is (-2 - (0 - 0)) + 2?
0
Evaluate (5 - 2) + (-2 - (2 - 1)).
0
Calculate (12 - 3) + 22 + -36.
-5
-1 + (1 - (1 + (-1 - 0)))
0
What is the value of (-1 - (-1 + -6)) + 2 + -4?
4
What is 3 + (-5 - (9 + -5 - 9))?
3
What is the value of -3 + (1 - (-9 - -4))?
3
What is (-13 + 7 - -10) + (-2 - -3)?
5
Evaluate (3 + 0 - 1) + -10 + 2.
-6
What is the value of 2 - (-6 + (6 + 5 - -2))?
-5
Evaluate 7 + (1 - -6 - 5 - -1).
10
What is the value of -1 + -6 + 14 + -10?
-3
What is the value of -6 + (8 - 0) - 1?
1
Evaluate (-8 - (-4 - -2)) + -5 + 1.
-10
What is -10 + 4 + 8 + 2?
4
Evaluate (12 - (-2 - -7)) + -7.
0
-5 - -1 - (4 - 5)
-3
What is the value of 1 + -5 + (1 - 1)?
-4
-5 + (6 - 5 - -5) + 7
8
What is (1 - 6) + (72 - 72)?
-5
Evaluate -19 + 15 - -2 - (1 + 1).
-4
-8 + -3 + -1 + (14 - 6)
-4
Calculate -11 - (-14 + -4 + 14).
-7
What is the value of 7 + (2 - 5) + 1?
5
Calculate 10 + -11 + (-5 - -7).
1
4 - 1 - (1 - -2) - -3
3
What is 5 + -2 + -2 - 1?
0
(12 - 10) + -1 + -4 + 1
-2
What is the value of -9 - (-18 + 2 - -8)?
-1
What is -9 + (-7 - (-14 - 2)) + 10?
10
Calculate -2 - -1 - (-2 + 8 - 5).
-2
What is the value of 8 + -17 - -7 - (2 + -6)?
2
Evaluate 12 + (-2 - 5) - 0.
5
What is the value of -7 + (5 - 7) + (-2 - -6)?
-5
What is the value of -7 + (-7 - -24) - (7 - 2)?
5
Calculate (1 - 1) + 2 - (38 + -40).
4
-2 + 4 + -17 + 10
-5
Evaluate -1 - -2 - (-4 + 9 + 0).
-4
Calculate -5 + 1 + 1 + (-38 - -40).
-1
What is the value of -9 + 14 - (0 + 10)?
-5
Calculate 6 - (-1 + -3 + 7).
3
What is the value of -1 - (-23 - (-1 + -5)) - 6?
10
What is the value of 5 + (1 - (4 - 2))?
4
What is 2 - (3 - 9 - -2)?
6
Evaluate -50 + 39 - (1 - 5).
-7
Calculate (7 + 0 - 5) + -10.
-8
-5 + (7 - 2) + 0 + 5
5
What is -2 + (10 - 4) + -5?
-1
What is 4 - (13 + -9) - 8?
-8
Calculate 6 + -6 + -2 + -1.
-3
Evaluate -9 - (12 + -29) - 11.
-3
Evaluate (-5 - (-1 - (2 - 1))) + 2.
-1
6 + -8 + (3 - (3 + -2))
0
-19 + 6 + 0 + 16
3
Evaluate -2 + (-6 - (-5 - -5)) + 6.
-2
What is -4 + (3 - 1 - -3) + -5?
-4
4 - (2 - (-3 - -5 - 1))
3
Evaluate 2 - ((6 - (-3 + 7)) + 0).
0
Calculate -2 + 6 + -8 + 0.
-4
What is -5 - (-6 + 6 + -3 - -8)?
-10
13 + -10 + (-5 - 4)
-6
What is the value of -16 - -6 - -14 - 9?
-5
Calculate 1 + -1 + 2 - (-18 + 16).
4
Evaluate -6 + -10 + (-6 - -16).
-6
What is 4 + (-28 - -12) - -3?
-9
What is the value of 1 + -4 - -4 - 2 - 1?
-2
Evaluate (1 - 8) + (1 - (1 + -3)).
-4
-3 - ((-5 - -9) + -6)
-1
What is the value of 19 + -14 - (11 - 5)?
-1
-1 + (7 - ((6 - 5) + 2))
3
-8 + 3 + 9 + -8
-4
What is the value of (-2 - 2) + (10 - (-3 - -5))?
4
What is 8 - (19 + -19 - (-5 + 1))?
4
Evaluate 5 - (-2 + 5) - (2 + 0).
0
What is 3 - (-2 + 7) - -5?
3
1 + (-1 + 0 - -3)
3
What is the value of 2 - (-4 - (-4 - -1) - 1)?
4
What is -2 + (6 + -9 - (-3 - -4))?
-6
-8 + 4 + (1 - (-2 - 1))
0
0 - -1 - (5 - 9)
5
What is the value of 1 - (3 + 3 - 5)?
0
Evaluate 3 - (13 - (-6 - -12)).
-4
Evaluate -10 - (-2 - 1 - 1).
-6
What is 0 + 0 + 6 + -4?
2
-5 + 7 + -3 + -7 + 5
-3
2 - (3 + -5 - -2)
2
What is the value of (4 - -7) + -9 + (2 - 0)?
4
Evaluate -1 + 1 + (3 + -9 - -3).
-3
What is 3 + (6 - 2 - 2)?
5
What is 41 - 45 - (2 + -5 - 1)?
0
What is -2 - (2 + (2 - 9))?
3
Calculate 3 - (3 - 3) - (1 - 1).
3
What is -10 + 8 + 2 + 4?
4
Calculate 6 - (-6 + 2 + 2 + 1).
7
Evaluate (2 - ((-12 - -7) + 1)) + -6.
0
Calculate (13 - (8 - 4) - 6) + 7.
10
-7 + (-5 - (-1 - 11) - 5)
-5
5 - -2 - (4 - (-15 - -1))
-11
What is -4 - (-6 + -7 - -6)?
3
What is the value of 3 - 2 - (-24 - -17)?
8
(-11 - 8) + 9 + 5
-5
What is -8 + (-5 - (3 - 15)) + 2?
1
Evaluate 1 - (4 + -6 + 2).
1
(2 - -2) + (-14 - -10)
0
Evaluate -19 + 13 - (-4 - -2 - 3).
-1
What is 3 + -4 + -1 + -2 - -4?
0
What is the value of -1 - 0 - (-4 + 3)?
0
What is -6 + 4 - (-2 + 0 + 0)?
0
Calculate 11 + -8 + (-1 - 8) + 4.
-2
2 + 0 - -3 - (18 - 15)
2
What is the value of 2 + -3 + -10 + 3?
-8
Evaluate (-3 - (2 + -1)) + 1 - 1.
-4
Evaluate -2 - -2 - (19 + -26).
7
What is -5 + -2 + 0 + 3?
-4
1 - (5 + -9 + 0)
5
Calculate 11 + -2 + (2 - 5).
6
What is the value of -2 - 4 - (6 - 2 - 5)?
-5
What is the value of -4 - (-7 - (2 + -1))?
4
4 + -4 + (1 - (2 + -3))
2
What is the value of 9 + -14 - (-1 + -1)?
-3
What is the value of -3 - (-1 + 2 + -1 + -3)?
0
What is 1 + -9 - (-18 + 1)?
9
What is -1 - (2 + -3 + (4 - 0))?
-4
What is the value of 2 - (4 + 2) - (-10 + 1)?
5
What is -1 + 1 + 8 + -5?
3
Evaluate -2 - (-1 + -6) - (-26 + 36).
-5
Calculate 5 + -13 - -9 - (-2 - 1).
4
Calculate (0 - 4) + (-14 - -15).
-3
Evaluate -10 - (5 + -11) - -5.
1
What is 0 - (1 + 0) - (-26 - -21)?
4
What is 4 + (2 - (5 - 2)) + -1?
2
Evaluate 7 + 11 + -9 + (-2 - 3).
4
Calculate (8 - (-6 + 10)) + -4.
0
(-1 - 0) + -9 + 10
0
What is (7 - 12 - -6) + -1?
0
Calculate -9 - (0 - -6) - -9.
-6
Calculate 241 + -253 - (1 - 4).
-9
What is -2 + 2 + (2 - (7 + -2))?
-3
Calculate (4 - (-4 + 5)) + 0.
3
Calculate 4 - (-1 + (2 - -3)) - -3.
3
Calculate 1 + 1 - (-4 + -4 + 6).
4
Calculate 8 + 1 + (21 - (27 + -4)).
7
What is 0 + (0 - (-3 - 5 - -2))?
6
What is -12 - -19 - (-7 - -13)?
1
Calculate (3 - 1) + 27 + -27.
2
What is (3 - (-3 - -1)) + -9 + 3?
-1
Evaluate -3 - (2 + (-5 - (1 - 5))).
-4
What is the value of -2 + 7 - (-2 + (0 - -4))?
3
What is the value of -1 + 8 + -15 + 1?
-7
(-5 - 4 - -7) + -1 + 8
5
1 + (6 - (4 + -2))
5
Evaluate 2 - ((-12 - -15) + (-8 - -2)).
5
What is 1 + 5 + -6 + (-4 - -6)?
2
14 - (18 - (3 + 9))
8
Calculate 4 - (-3 + 10) - 5.
-8
Evaluate (-2 - 0) + (4 - -5) + -5.
2
-1 + 0 + -2 - (-226 + 231)
-8
Evaluate 7 + -4 + (9 - 8).
4
4 - (-5 + (-4 - -12))
1
Calculate 2 - -1 - ((8 - -7) + -8).
-4
Evaluate -4 + (5 - 0 - -3).
4
Calculate (-1 + -1 - -6) + 2 + -4.
2
3 + -17 + 5 - -1
-8
What is the value of 2 + (-1 - 4) + -1?
-4
Calculate -6 - (-14 - (3 + -9)).
2
Evaluate (-6 - (-9 - -2)) + 2 + 2.
5
Evaluate 2 - (1 - 4 - 0).
5
What is the value of (0 + -1 - (19 - 16)) + 5?
1
What is 3 - (1 + 1 - (10 + -8))?
3
Calculate (-11 - -7) + 6 - (-2 + -1).
5
What is the value of (-1 - 0 - 2) + 3?
0
What is the value of (-1 + -1 - 0) + 5 + -7